en thousands digit of 1106990072?
9
What is the millions digit of 48406084?
8
What is the units digit of 524701955?
5
What is the ten millions digit of 201387241?
0
What is the ten millions digit of 427886353?
2
What is the hundreds digit of 951505451?
4
What is the hundreds digit of 1500677477?
4
What is the ten millions digit of 53432973?
5
What is the millions digit of 25535068?
5
What is the tens digit of 12085514?
1
What is the millions digit of 452168047?
2
What is the hundred millions digit of 1154283626?
1
What is the ten thousands digit of 567679952?
7
What is the ten millions digit of 205574355?
0
What is the units digit of 90997275?
5
What is the units digit of 78656762?
2
What is the hundred thousands digit of 1026426412?
4
What is the units digit of 73078203?
3
What is the hundred thousands digit of 193600257?
6
What is the billions digit of 3714109840?
3
What is the ten thousands digit of 34390605?
9
What is the ten thousands digit of 9879851?
7
What is the tens digit of 682559570?
7
What is the thousands digit of 92540730?
0
What is the hundred thousands digit of 45236519?
2
What is the thousands digit of 1549856670?
6
What is the ten thousands digit of 128820537?
2
What is the ten millions digit of 13414592?
1
What is the hundred thousands digit of 5660156?
6
What is the millions digit of 728618354?
8
What is the ten millions digit of 10241134?
1
What is the tens digit of 2753141?
4
What is the tens digit of 40254290?
9
What is the units digit of 21864484?
4
What is the units digit of 4542767263?
3
What is the thousands digit of 22986610?
6
What is the ten millions digit of 617667273?
1
What is the units digit of 123540283?
3
What is the hundreds digit of 2280537417?
4
What is the hundreds digit of 94476716?
7
What is the ten thousands digit of 583028573?
2
What is the millions digit of 57056753?
7
What is the ten millions digit of 298239974?
9
What is the hundreds digit of 199988169?
1
What is the hundreds digit of 38156008?
0
What is the ten millions digit of 286383859?
8
What is the millions digit of 322959488?
2
What is the ten millions digit of 27948967?
2
What is the ten millions digit of 3999958378?
9
What is the hundred thousands digit of 41583970?
5
What is the hundred thousands digit of 1547588875?
5
What is the units digit of 27373738?
8
What is the ten thousands digit of 93797034?
9
What is the units digit of 105229694?
4
What is the tens digit of 728259903?
0
What is the tens digit of 308233063?
6
What is the hundred thousands digit of 1686208369?
2
What is the millions digit of 1214576742?
4
What is the tens digit of 538239608?
0
What is the hundreds digit of 3399215973?
9
What is the hundred thousands digit of 286482095?
4
What is the hundred millions digit of 3023737556?
0
What is the hundred thousands digit of 15115650?
1
What is the millions digit of 298525574?
8
What is the billions digit of 1202713970?
1
What is the hundred thousands digit of 597725867?
7
What is the tens digit of 321255178?
7
What is the millions digit of 648339259?
8
What is the hundred millions digit of 552892038?
5
What is the ten thousands digit of 138062254?
6
What is the units digit of 1919499254?
4
What is the hundreds digit of 11211997?
9
What is the tens digit of 261319256?
5
What is the tens digit of 43696476?
7
What is the hundreds digit of 116276113?
1
What is the hundred thousands digit of 104078273?
0
What is the hundred millions digit of 513438893?
5
What is the hundred millions digit of 703824332?
7
What is the units digit of 75268306?
6
What is the tens digit of 114066745?
4
What is the hundred thousands digit of 59957272?
9
What is the billions digit of 1032112894?
1
What is the hundreds digit of 4793683425?
4
What is the units digit of 326974728?
8
What is the ten thousands digit of 780913271?
1
What is the millions digit of 15119065?
5
What is the millions digit of 87486463?
7
What is the millions digit of 3588809668?
8
What is the billions digit of 2372905464?
2
What is the ten thousands digit of 437995825?
9
What is the billions digit of 6198208214?
6
What is the ten millions digit of 181886516?
8
What is the ten thousands digit of 36282064?
8
What is the millions digit of 4305457895?
5
What is the units digit of 638886369?
9
What is the ten millions digit of 12155275?
1
What is the millions digit of 1868270068?
8
What is the millions digit of 56765760?
6
What is the units digit of 37298239?
9
What is the ten millions digit of 43584125?
4
What is the hundred thousands digit of 1470861813?
8
What is the tens digit of 445482964?
6
What is the tens digit of 1647085237?
3
What is the ten thousands digit of 4718598995?
9
What is the units digit of 229152895?
5
What is the hundred thousands digit of 3330569780?
5
What is the ten millions digit of 377336773?
7
What is the hundreds digit of 191764679?
6
What is the millions digit of 63208645?
3
What is the tens digit of 268746775?
7
What is the ten thousands digit of 697719149?
1
What is the hundred millions digit of 1305542948?
3
What is the millions digit of 390959541?
0
What is the tens digit of 1494456887?
8
What is the ten millions digit of 53141357?
5
What is the hundred thousands digit of 2269306058?
3
What is the millions digit of 20102470?
0
What is the hundred millions digit of 6005158102?
0
What is the hundred thousands digit of 2215258776?
2
What is the hundred millions digit of 619740443?
6
What is the thousands digit of 262024599?
4
What is the ten millions digit of 2517733591?
1
What is the ten millions digit of 587999950?
8
What is the hundreds digit of 48763242?
2
What is the ten millions digit of 13193474?
1
What is the ten millions digit of 66324428?
6
What is the hundred millions digit of 2192934148?
1
What is the units digit of 229042810?
0
What is the tens digit of 134642868?
6
What is the hundred thousands digit of 59049791?
0
What is the hundred thousands digit of 3204622010?
6
What is the hundreds digit of 165261243?
2
What is the tens digit of 133670213?
1
What is the ten millions digit of 2075949545?
7
What is the hundreds digit of 51028387?
3
What is the ten thousands digit of 79883011?
8
What is the ten millions digit of 1557199819?
5
What is the hundred thousands digit of 1147142832?
1
What is the hundred thousands digit of 215149734?
1
What is the millions digit of 311039617?
1
What is the tens digit of 778360007?
0
What is the thousands digit of 162183476?
3
What is the ten thousands digit of 60832554?
3
What is the ten millions digit of 80110512?
8
What is the thousands digit of 870126978?
6
What is the hundred thousands digit of 7149522189?
5
What is the units digit of 13084042?
2
What is the millions digit of 5266022691?
6
What is the tens digit of 2452605990?
9
What is the hundred millions digit of 102214202?
1
What is the hundred thousands digit of 158691373?
6
What is the tens digit of 81369293?
9
What is the ten millions digit of 535150489?
3
What is the hundred thousands digit of 68669805?
6
What is the tens digit of 116255355?
5
What is the hundreds digit of 7734021005?
0
What is the ten millions digit of 326089324?
2
What is the thousands digit of 751865838?
5
What is the units digit of 1915288150?
0
What is the ten millions digit of 29964642?
2
What is the tens digit of 33644675?
7
What is the ten millions digit of 82817677?
8
What is the ten thousands digit of 15236460?
3
What is the units digit of 79557931?
1
What is the hundred millions digit of 1178363593?
1
What is the hundred thousands digit of 1636065861?
0
What is the thousands digit of 679761456?
1
What is the ten millions digit of 1010571037?
1
What is the billions digit of 1719018787?
1
What is the tens digit of 91705443?
4
What is the ten thousands digit of 235395485?
9
What is the thousands digit of 1764902082?
2
What is the ten thousands digit of 52838460?
3
What is the ten millions digit of 40542947?
4
What is the tens digit of 510168939?
3
What is the millions digit of 163922842?
3
What is the thousands digit of 221123689?
3
What is the tens digit of 238970755?
5
What is the ten thousands digit of 1250894116?
9
What is the hundred millions digit of 526250169?
5
What is the hundred thousands digit of 1893905019?
9
What is the hundreds digit of 100992158?
1
What is 